{"id":2470,"date":"2025-02-13T21:03:03","date_gmt":"2025-02-13T21:03:03","guid":{"rendered":"https:\/\/www.statekjirice.cz\/?post_type=mec-events&#038;p=2470"},"modified":"2025-02-13T21:03:03","modified_gmt":"2025-02-13T21:03:03","slug":"primestsky-tabor-17-19-2","status":"publish","type":"mec-events","link":"https:\/\/www.statekjirice.cz\/index.php\/events\/primestsky-tabor-17-19-2\/","title":{"rendered":"P\u0159\u00edm\u011bstsk\u00fd t\u00e1bor 17.-19.2."},"content":{"rendered":"<p><span><strong>P\u0159\u00edm\u011bstsk\u00fd t\u00e1bor<\/strong><\/span><span><strong> se bude konat v obdob\u00ed od pond\u011bl\u00ed 17.2.2025 do st\u0159edy 19.2.2025 od 8.00 do 16.00 hodin&nbsp;<\/strong><\/span><span><strong>p\u0159\u00edmo u n\u00e1s na statku v malebn\u00e9m prost\u0159ed\u00ed jurty um\u00edst\u011bn\u00e9 na zahrad\u011b&nbsp;<\/strong><\/span><span><strong>a t\u00e9matem bude MASOPUSTN\u00cd TVO\u0158EN\u00cd.<\/strong><\/span><\/p>\n<p>Na\u0161e pozv\u00e1n\u00ed p\u0159ijal lektora Marka Vodi\u010dka, kter\u00fd se ji\u017e dlouhou dobu zab\u00fdv\u00e1 um\u011blecko-\u0159emeslnou \u010dinnost\u00ed a prac\u00ed s d\u011btmi. Spole\u010dn\u011b&nbsp; s n\u00edm budou d\u011bti jeden den tvo\u0159it masopustn\u00ed hudebn\u00ed n\u00e1stroje ze d\u0159eva, kter\u00e9 si d\u011bti odnesou dom\u016f. Dal\u0161\u00ed dny podnikneme v\u00fdlet do okol\u00ed a budeme spole\u010dn\u011b pozn\u00e1vat \u017eivot na statku v zim\u011b. Ned\u00edlnou sou\u010d\u00e1st\u00ed tohoto t\u00e1bora je zp\u00edv\u00e1n\u00ed, hran\u00ed a pokud zbyde \u010das, v\u011b\u0159\u00edm, \u017ee dojde i na mal\u00e9 loutkov\u00e9 divadlo&#8230; Na\u0161imi akcemi chceme d\u00e1t d\u011btem mo\u017enost bl\u00ed\u017ee se sezn\u00e1mit s tradicemi a histori\u00ed tohoto m\u00edsta.<\/p>\n<p>Pokud m\u00e1te z\u00e1jem, nev\u00e1hejte n\u00e1s kontaktovat, nebo\u0165 po\u010det m\u00edst na p\u0159\u00edm\u011bstsk\u00fd t\u00e1bor je omezen na 9 d\u011bt\u00ed. Po projeven\u00ed z\u00e1jmu v\u00e1m za\u0161lu p\u0159ihl\u00e1\u0161ku s podrobn\u011bj\u0161\u00edmi informacemi.<\/p>\n<p>Srde\u010dn\u011b v\u00e1s v\u0161echny t\u00edmto zveme mezi n\u00e1s.<\/p>\n<p>Za lektory&nbsp;<\/p>\n<p>Milu\u0161e Du\u0159tov\u00e1 a Pavel Ernst<\/p>\n<p>tel. 724816521<\/p>\n","protected":false},"excerpt":{"rendered":"<p>P\u0159\u00edm\u011bstsk\u00fd t\u00e1bor se bude konat v obdob\u00ed od pond\u011bl\u00ed 17.2.2025 do st\u0159edy 19.2.2025 od 8.00 do 16.00 hodin&nbsp;p\u0159\u00edmo u n\u00e1s na statku v malebn\u00e9m prost\u0159ed\u00ed jurty um\u00edst\u011bn\u00e9 na zahrad\u011b&nbsp;a t\u00e9matem bude MASOPUSTN\u00cd TVO\u0158EN\u00cd. Na\u0161e pozv\u00e1n\u00ed p\u0159ijal lektora Marka Vodi\u010dka, kter\u00fd se ji\u017e dlouhou dobu zab\u00fdv\u00e1 um\u011blecko-\u0159emeslnou \u010dinnost\u00ed a prac\u00ed s [&hellip;]<\/p>\n","protected":false},"author":1,"featured_media":2461,"comment_status":"closed","ping_status":"closed","template":"","meta":{"ngg_post_thumbnail":0},"tags":[],"mec_category":[49],"class_list":["post-2470","mec-events","type-mec-events","status-publish","has-post-thumbnail","hentry","mec_category-tabor"],"_links":{"self":[{"href":"https:\/\/www.statekjirice.cz\/index.php\/wp-json\/wp\/v2\/mec-events\/2470","targetHints":{"allow":["GET"]}}],"collection":[{"href":"https:\/\/www.statekjirice.cz\/index.php\/wp-json\/wp\/v2\/mec-events"}],"about":[{"href":"https:\/\/www.statekjirice.cz\/index.php\/wp-json\/wp\/v2\/types\/mec-events"}],"author":[{"embeddable":true,"href":"https:\/\/www.statekjirice.cz\/index.php\/wp-json\/wp\/v2\/users\/1"}],"replies":[{"embeddable":true,"href":"https:\/\/www.statekjirice.cz\/index.php\/wp-json\/wp\/v2\/comments?post=2470"}],"wp:featuredmedia":[{"embeddable":true,"href":"https:\/\/www.statekjirice.cz\/index.php\/wp-json\/wp\/v2\/media\/2461"}],"wp:attachment":[{"href":"https:\/\/www.statekjirice.cz\/index.php\/wp-json\/wp\/v2\/media?parent=2470"}],"wp:term":[{"taxonomy":"post_tag","embeddable":true,"href":"https:\/\/www.statekjirice.cz\/index.php\/wp-json\/wp\/v2\/tags?post=2470"},{"taxonomy":"mec_category","embeddable":true,"href":"https:\/\/www.statekjirice.cz\/index.php\/wp-json\/wp\/v2\/mec_category?post=2470"}],"curies":[{"name":"wp","href":"https:\/\/api.w.org\/{rel}","templated":true}]}}

Příměstský tábor 17.-19.2.

<p><span><strong>Příměstský tábor</strong></span><span><strong> se bude konat v období od pondělí 17.2.2025 do středy 19.2.2025 od 8.00 do 16.00 hodin&nbsp;</strong></span><span><strong>přímo u nás na statku v malebném prostředí jurty umístěné na zahradě&nbsp;</strong></span><span><strong>a tématem bude MASOPUSTNÍ TVOŘENÍ.</strong></span></p>
<p>Naše pozvání přijal lektora Marka Vodička, který se již dlouhou dobu zabývá umělecko-řemeslnou činností a prací s dětmi. Společně&nbsp; s ním budou děti jeden den tvořit masopustní hudební nástroje ze dřeva, které si děti odnesou domů. Další dny podnikneme výlet do okolí a budeme společně poznávat život na statku v zimě. Nedílnou součástí tohoto tábora je zpívání, hraní a pokud zbyde čas, věřím, že dojde i na malé loutkové divadlo&#8230; Našimi akcemi chceme dát dětem možnost blíže se seznámit s tradicemi a historií tohoto místa.</p>
<p>Pokud máte zájem, neváhejte nás kontaktovat, neboť počet míst na příměstský tábor je omezen na 9 dětí. Po projevení zájmu vám zašlu přihlášku s podrobnějšími informacemi.</p>
<p>Srdečně vás všechny tímto zveme mezi nás.</p>
<p>Za lektory&nbsp;</p>
<p>Miluše Duřtová a Pavel Ernst</p>
<p>tel. 724816521</p>

<p>Příměstský tábor se bude konat v období od pondělí 17.2.2025 do středy 19.2.2025 od 8.00 do 16.00 hodin&nbsp;přímo u nás na statku v malebném prostředí jurty umístěné na zahradě&nbsp;a tématem bude MASOPUSTNÍ TVOŘENÍ. Naše pozvání přijal lektora Marka Vodička, který se již dlouhou dobu zabývá umělecko-řemeslnou činností a prací s [&hellip;]</p>
