{"id":417,"date":"2019-11-01T21:21:16","date_gmt":"2019-11-01T21:21:16","guid":{"rendered":"http:\/\/www.statekjirice.cz\/?post_type=mec-events&#038;p=417"},"modified":"2019-11-01T21:34:58","modified_gmt":"2019-11-01T21:34:58","slug":"podzimni-slavnost","status":"publish","type":"mec-events","link":"https:\/\/www.statekjirice.cz\/index.php\/events\/podzimni-slavnost\/","title":{"rendered":"Podzimn\u00ed slavnost"},"content":{"rendered":"<p>Srde\u010dn\u011b zveme na podzimn\u00ed slavnost 1. a 2. \u0159\u00edjna.<\/p>\n<p>Hlavn\u00ed \u010d\u00e1st se bude odehr\u00e1vat ve st\u0159edu v dopoledn\u00edch hodin\u00e1ch.<\/p>\n<p>V \u00fater\u00fd budeme p\u00e9ct chleba z prvn\u00ed leto\u0161n\u00ed \u00farody. D\u011bti za\u017eij\u00ed proces mlet\u00ed zrna, zad\u011bl\u00e1v\u00e1n\u00ed, kynut\u00ed a pe\u010den\u00ed. Ve st\u0159edu budeme chl\u00e9b ochutn\u00e1vat, skl\u00edzet \u00farodu v sadu a hr\u00e1t podzimn\u00ed hru ,,na state\u010dn\u00e9ho ryt\u00ed\u0159e&#8220;, kter\u00fd m\u00e1 odvahu a neboj\u00ed se ani draka&#8230;<\/p>\n<p>Zveme d\u011bti, rodi\u010de i p\u0159\u00e1tele<\/p>\n","protected":false},"excerpt":{"rendered":"<p>Srde\u010dn\u011b zveme na podzimn\u00ed slavnost 1. a 2. \u0159\u00edjna. Hlavn\u00ed \u010d\u00e1st se bude odehr\u00e1vat ve st\u0159edu v dopoledn\u00edch hodin\u00e1ch. V \u00fater\u00fd budeme p\u00e9ct chleba z prvn\u00ed leto\u0161n\u00ed \u00farody. D\u011bti za\u017eij\u00ed proces mlet\u00ed zrna, zad\u011bl\u00e1v\u00e1n\u00ed, kynut\u00ed a pe\u010den\u00ed. Ve st\u0159edu budeme chl\u00e9b ochutn\u00e1vat, skl\u00edzet \u00farodu v sadu a hr\u00e1t podzimn\u00ed hru [&hellip;]<\/p>\n","protected":false},"author":1,"featured_media":391,"comment_status":"open","ping_status":"closed","template":"","meta":{"ngg_post_thumbnail":0},"tags":[],"mec_category":[],"class_list":["post-417","mec-events","type-mec-events","status-publish","has-post-thumbnail","hentry"],"_links":{"self":[{"href":"https:\/\/www.statekjirice.cz\/index.php\/wp-json\/wp\/v2\/mec-events\/417","targetHints":{"allow":["GET"]}}],"collection":[{"href":"https:\/\/www.statekjirice.cz\/index.php\/wp-json\/wp\/v2\/mec-events"}],"about":[{"href":"https:\/\/www.statekjirice.cz\/index.php\/wp-json\/wp\/v2\/types\/mec-events"}],"author":[{"embeddable":true,"href":"https:\/\/www.statekjirice.cz\/index.php\/wp-json\/wp\/v2\/users\/1"}],"replies":[{"embeddable":true,"href":"https:\/\/www.statekjirice.cz\/index.php\/wp-json\/wp\/v2\/comments?post=417"}],"wp:featuredmedia":[{"embeddable":true,"href":"https:\/\/www.statekjirice.cz\/index.php\/wp-json\/wp\/v2\/media\/391"}],"wp:attachment":[{"href":"https:\/\/www.statekjirice.cz\/index.php\/wp-json\/wp\/v2\/media?parent=417"}],"wp:term":[{"taxonomy":"post_tag","embeddable":true,"href":"https:\/\/www.statekjirice.cz\/index.php\/wp-json\/wp\/v2\/tags?post=417"},{"taxonomy":"mec_category","embeddable":true,"href":"https:\/\/www.statekjirice.cz\/index.php\/wp-json\/wp\/v2\/mec_category?post=417"}],"curies":[{"name":"wp","href":"https:\/\/api.w.org\/{rel}","templated":true}]}}

Podzimní slavnost

<p>Srdečně zveme na podzimní slavnost 1. a 2. října.</p>
<p>Hlavní část se bude odehrávat ve středu v dopoledních hodinách.</p>
<p>V úterý budeme péct chleba z první letošní úrody. Děti zažijí proces mletí zrna, zadělávání, kynutí a pečení. Ve středu budeme chléb ochutnávat, sklízet úrodu v sadu a hrát podzimní hru ,,na statečného rytíře&#8220;, který má odvahu a nebojí se ani draka&#8230;</p>
<p>Zveme děti, rodiče i přátele</p>

<p>Srdečně zveme na podzimní slavnost 1. a 2. října. Hlavní část se bude odehrávat ve středu v dopoledních hodinách. V úterý budeme péct chleba z první letošní úrody. Děti zažijí proces mletí zrna, zadělávání, kynutí a pečení. Ve středu budeme chléb ochutnávat, sklízet úrodu v sadu a hrát podzimní hru [&hellip;]</p>
