{"id":174,"date":"2019-06-23T20:17:51","date_gmt":"2019-06-23T20:17:51","guid":{"rendered":"http:\/\/www.statekjirice.cz\/?page_id=174"},"modified":"2026-03-26T14:15:38","modified_gmt":"2026-03-26T14:15:38","slug":"fotogalerie","status":"publish","type":"page","link":"https:\/\/www.statekjirice.cz\/index.php\/fotogalerie\/","title":{"rendered":"Fotogalerie"},"content":{"rendered":"\n<p class=\"has-text-align-center\"><strong>VYN\u00c1\u0160EN\u00cd MORENY 2026<\/strong><\/p>\n\n\n\nngg_shortcode_0_placeholder\n\n\n\nngg_shortcode_1_placeholder\n\n\n\n<p class=\"has-text-align-center\"><strong>MASOPUST 2026<\/strong><\/p>\n\n\n\nngg_shortcode_2_placeholder\n\n\n\n<h4 class=\"wp-block-heading has-text-align-center\">V\u00e1no\u010dn\u00ed bes\u00eddka 12\/2024<\/h4>\n\n\n\nngg_shortcode_3_placeholder\n\n\n\n<figure class=\"wp-block-video\"><video controls src=\"https:\/\/www.statekjirice.cz\/wp-content\/uploads\/2024\/12\/besidka_video.mp4\"><\/video><\/figure>\n\n\n\n<h4 class=\"wp-block-heading has-text-align-center\">Hudebn\u00ed t\u00e1bor 2024<\/h4>\n\n\n\n<div class=\"wp-block-group\"><div class=\"wp-block-group__inner-container is-layout-flow wp-block-group-is-layout-flow\">\n<figure class=\"wp-block-video\"><video controls src=\"https:\/\/www.statekjirice.cz\/wp-content\/uploads\/2024\/08\/20240802-160220-001_small.mp4\"><\/video><figcaption class=\"wp-element-caption\">U pansk\u00e9ho dvora<\/figcaption><\/figure>\n<\/div><\/div>\n\n\n\n<figure class=\"wp-block-video\"><video controls src=\"https:\/\/www.statekjirice.cz\/wp-content\/uploads\/2024\/08\/20240802-154529_small.mp4\"><\/video><figcaption class=\"wp-element-caption\">Oko\u0159<\/figcaption><\/figure>\n\n\n\n<figure class=\"wp-block-video\"><video controls src=\"https:\/\/www.statekjirice.cz\/wp-content\/uploads\/2024\/08\/20240802_155348.mp4\"><\/video><figcaption class=\"wp-element-caption\">\u010cere\u0161ni\u010dky<\/figcaption><\/figure>\n\n\n\n<figure class=\"wp-block-video\"><video controls src=\"https:\/\/www.statekjirice.cz\/wp-content\/uploads\/2024\/08\/20240802_155534.mp4\"><\/video><figcaption class=\"wp-element-caption\">J\u00e1 som \u0165a \u010dakala<\/figcaption><\/figure>\n\n\n\n<figure class=\"wp-block-video\"><video controls src=\"https:\/\/www.statekjirice.cz\/wp-content\/uploads\/2024\/08\/20240802_154952.mp4\"><\/video><figcaption class=\"wp-element-caption\">Venu\u0161e &#8211; autorsk\u00e1 skladba<\/figcaption><\/figure>\n\n\n\n<figure class=\"wp-block-video\"><video controls src=\"https:\/\/www.statekjirice.cz\/wp-content\/uploads\/2024\/08\/20240802_153954.mp4\"><\/video><figcaption class=\"wp-element-caption\">Na tom bo\u0161ileck\u00fdm mostku&#8230;<\/figcaption><\/figure>\n\n\n\n<h4 class=\"wp-block-heading has-text-align-center\">D\u011btsk\u00e1 skupina od A do Z<\/h4>\n\n\n\nngg_shortcode_4_placeholder\n\n\n\n<h4 class=\"wp-block-heading has-text-align-center\">Podzimn\u00ed Ji\u0159i\u010dka 2021<\/h4>\n\n\n\nngg_shortcode_5_placeholder\n\n\n\n<h4 class=\"wp-block-heading has-text-align-center\">P\u0159\u00edm\u011bstsk\u00e9 t\u00e1bory l\u00e9to 2021<\/h4>\n\n\n\nngg_shortcode_6_placeholder\n\n\n\n<h4 class=\"wp-block-heading has-text-align-center\">Zimn\u00ed Ji\u0159i\u010dka rok 2021<\/h4>\n\n\n\nngg_shortcode_7_placeholder\n\n\n\n<h4 class=\"wp-block-heading has-text-align-center\">Ji\u0159i\u010dka v adventn\u00ed dob\u011b<\/h4>\n\n\n\nngg_shortcode_8_placeholder\n\n\n\n<h4 class=\"wp-block-heading has-text-align-center\">D\u011btsk\u00e1 skupina Ji\u0159i\u010dka &#8211; 2020\/2021<\/h4>\n\n\n\nngg_shortcode_9_placeholder\n\n\n\n<h4 class=\"wp-block-heading has-text-align-center\">Br\u00e1na statku otev\u0159ena &#8211; slavnost 2020<\/h4>\n\n\n\nngg_shortcode_10_placeholder\n\n\n\n<h4 class=\"wp-block-heading has-text-align-center\">Jaro na statku<\/h4>\n\n\n\nngg_shortcode_11_placeholder\n\n\n\n<h4 class=\"wp-block-heading has-text-align-center\">Klub\u00edk v zim\u011b 2019<\/h4>\n\n\n\nngg_shortcode_12_placeholder\n\n\n\n<h4 class=\"wp-block-heading has-text-align-center\">Klub\u00edk v podzimn\u00edm \u010dase<\/h4>\n\n\n\nngg_shortcode_13_placeholder\n\n\n\n<h4 class=\"wp-block-heading has-text-align-center\">Martinsk\u00e1 slavnost<\/h4>\n\n\n\nngg_shortcode_14_placeholder\n\n\n\n<h4 class=\"wp-block-heading has-text-align-center\">P\u0159\u00edm\u011bstsk\u00fd t\u00e1bor 8.-14. 7. 2019<\/h4>\n\n\n\nngg_shortcode_15_placeholder\n\n\n\n<h4 class=\"wp-block-heading has-text-align-center\">Rekonstrukce statku<\/h4>\n\n\n\nngg_shortcode_16_placeholder\n\n\n\n<h4 class=\"wp-block-heading\"> <br>Br\u00e1na statku otev\u0159ena &#8211; 21. 6. 2019 <\/h4>\n\n\n\n<figure class=\"wp-block-gallery alignwide has-nested-images columns-5 is-cropped wp-block-gallery-1 is-layout-flex wp-block-gallery-is-layout-flex\">\n<figure class=\"wp-block-image size-large\"><a href=\"https:\/\/www.statekjirice.cz\/wp-content\/uploads\/2019\/06\/IMG_20190621_163910.jpg\"><img loading=\"lazy\" decoding=\"async\" width=\"1024\" height=\"768\" data-id=\"183\" src=\"https:\/\/www.statekjirice.cz\/wp-content\/uploads\/2019\/06\/IMG_20190621_163910-1024x768.jpg\" alt=\"\" class=\"wp-image-183\" srcset=\"https:\/\/www.statekjirice.cz\/wp-content\/uploads\/2019\/06\/IMG_20190621_163910-1024x768.jpg 1024w, https:\/\/www.statekjirice.cz\/wp-content\/uploads\/2019\/06\/IMG_20190621_163910-300x225.jpg 300w, https:\/\/www.statekjirice.cz\/wp-content\/uploads\/2019\/06\/IMG_20190621_163910-768x576.jpg 768w\" sizes=\"auto, (max-width: 1024px) 100vw, 1024px\" \/><\/a><\/figure>\n\n\n\n<figure class=\"wp-block-image size-large\"><a href=\"https:\/\/www.statekjirice.cz\/wp-content\/uploads\/2019\/06\/IMG_20190621_163925.jpg\"><img loading=\"lazy\" decoding=\"async\" width=\"768\" height=\"1024\" data-id=\"182\" src=\"https:\/\/www.statekjirice.cz\/wp-content\/uploads\/2019\/06\/IMG_20190621_163925-768x1024.jpg\" alt=\"\" class=\"wp-image-182\" srcset=\"https:\/\/www.statekjirice.cz\/wp-content\/uploads\/2019\/06\/IMG_20190621_163925-768x1024.jpg 768w, https:\/\/www.statekjirice.cz\/wp-content\/uploads\/2019\/06\/IMG_20190621_163925-225x300.jpg 225w\" sizes=\"auto, (max-width: 768px) 100vw, 768px\" \/><\/a><\/figure>\n\n\n\n<figure class=\"wp-block-image size-large\"><a href=\"https:\/\/www.statekjirice.cz\/wp-content\/uploads\/2019\/06\/IMG_20190621_163956.jpg\"><img loading=\"lazy\" decoding=\"async\" width=\"1024\" height=\"768\" data-id=\"181\" src=\"https:\/\/www.statekjirice.cz\/wp-content\/uploads\/2019\/06\/IMG_20190621_163956-1024x768.jpg\" alt=\"\" class=\"wp-image-181\" srcset=\"https:\/\/www.statekjirice.cz\/wp-content\/uploads\/2019\/06\/IMG_20190621_163956-1024x768.jpg 1024w, https:\/\/www.statekjirice.cz\/wp-content\/uploads\/2019\/06\/IMG_20190621_163956-300x225.jpg 300w, https:\/\/www.statekjirice.cz\/wp-content\/uploads\/2019\/06\/IMG_20190621_163956-768x576.jpg 768w\" sizes=\"auto, (max-width: 1024px) 100vw, 1024px\" \/><\/a><\/figure>\n\n\n\n<figure class=\"wp-block-image size-large\"><a href=\"https:\/\/www.statekjirice.cz\/wp-content\/uploads\/2019\/06\/IMG_20190621_164034.jpg\"><img loading=\"lazy\" decoding=\"async\" width=\"1024\" height=\"768\" data-id=\"180\" src=\"https:\/\/www.statekjirice.cz\/wp-content\/uploads\/2019\/06\/IMG_20190621_164034-1024x768.jpg\" alt=\"\" class=\"wp-image-180\" srcset=\"https:\/\/www.statekjirice.cz\/wp-content\/uploads\/2019\/06\/IMG_20190621_164034-1024x768.jpg 1024w, https:\/\/www.statekjirice.cz\/wp-content\/uploads\/2019\/06\/IMG_20190621_164034-300x225.jpg 300w, https:\/\/www.statekjirice.cz\/wp-content\/uploads\/2019\/06\/IMG_20190621_164034-768x576.jpg 768w\" sizes=\"auto, (max-width: 1024px) 100vw, 1024px\" \/><\/a><\/figure>\n\n\n\n<figure class=\"wp-block-image size-large\"><a href=\"https:\/\/www.statekjirice.cz\/wp-content\/uploads\/2019\/06\/IMG_20190621_183918_1.jpg\"><img loading=\"lazy\" decoding=\"async\" width=\"768\" height=\"1024\" data-id=\"179\" src=\"https:\/\/www.statekjirice.cz\/wp-content\/uploads\/2019\/06\/IMG_20190621_183918_1-768x1024.jpg\" alt=\"\" class=\"wp-image-179\" srcset=\"https:\/\/www.statekjirice.cz\/wp-content\/uploads\/2019\/06\/IMG_20190621_183918_1-768x1024.jpg 768w, https:\/\/www.statekjirice.cz\/wp-content\/uploads\/2019\/06\/IMG_20190621_183918_1-225x300.jpg 225w\" sizes=\"auto, (max-width: 768px) 100vw, 768px\" \/><\/a><\/figure>\n\n\n\n<figure class=\"wp-block-image size-large\"><a href=\"https:\/\/www.statekjirice.cz\/wp-content\/uploads\/2019\/06\/IMG_20190621_183957.jpg\"><img loading=\"lazy\" decoding=\"async\" width=\"768\" height=\"1024\" data-id=\"178\" src=\"https:\/\/www.statekjirice.cz\/wp-content\/uploads\/2019\/06\/IMG_20190621_183957-768x1024.jpg\" alt=\"\" class=\"wp-image-178\" srcset=\"https:\/\/www.statekjirice.cz\/wp-content\/uploads\/2019\/06\/IMG_20190621_183957-768x1024.jpg 768w, https:\/\/www.statekjirice.cz\/wp-content\/uploads\/2019\/06\/IMG_20190621_183957-225x300.jpg 225w\" sizes=\"auto, (max-width: 768px) 100vw, 768px\" \/><\/a><\/figure>\n\n\n\n<figure class=\"wp-block-image size-large\"><a href=\"https:\/\/www.statekjirice.cz\/wp-content\/uploads\/2019\/06\/IMG_20190621_184026.jpg\"><img loading=\"lazy\" decoding=\"async\" width=\"1024\" height=\"768\" data-id=\"177\" src=\"https:\/\/www.statekjirice.cz\/wp-content\/uploads\/2019\/06\/IMG_20190621_184026-1024x768.jpg\" alt=\"\" class=\"wp-image-177\" srcset=\"https:\/\/www.statekjirice.cz\/wp-content\/uploads\/2019\/06\/IMG_20190621_184026-1024x768.jpg 1024w, https:\/\/www.statekjirice.cz\/wp-content\/uploads\/2019\/06\/IMG_20190621_184026-300x225.jpg 300w, https:\/\/www.statekjirice.cz\/wp-content\/uploads\/2019\/06\/IMG_20190621_184026-768x576.jpg 768w\" sizes=\"auto, (max-width: 1024px) 100vw, 1024px\" \/><\/a><\/figure>\n\n\n\n<figure class=\"wp-block-image size-large\"><a href=\"https:\/\/www.statekjirice.cz\/wp-content\/uploads\/2019\/06\/IMG_20190621_190144.jpg\"><img loading=\"lazy\" decoding=\"async\" width=\"1024\" height=\"768\" data-id=\"176\" src=\"https:\/\/www.statekjirice.cz\/wp-content\/uploads\/2019\/06\/IMG_20190621_190144-1024x768.jpg\" alt=\"\" class=\"wp-image-176\" srcset=\"https:\/\/www.statekjirice.cz\/wp-content\/uploads\/2019\/06\/IMG_20190621_190144-1024x768.jpg 1024w, https:\/\/www.statekjirice.cz\/wp-content\/uploads\/2019\/06\/IMG_20190621_190144-300x225.jpg 300w, https:\/\/www.statekjirice.cz\/wp-content\/uploads\/2019\/06\/IMG_20190621_190144-768x576.jpg 768w\" sizes=\"auto, (max-width: 1024px) 100vw, 1024px\" \/><\/a><\/figure>\n\n\n\n<figure class=\"wp-block-image size-large\"><a href=\"https:\/\/www.statekjirice.cz\/wp-content\/uploads\/2019\/06\/IMG_20190621_190156.jpg\"><img loading=\"lazy\" decoding=\"async\" width=\"768\" height=\"1024\" data-id=\"175\" src=\"https:\/\/www.statekjirice.cz\/wp-content\/uploads\/2019\/06\/IMG_20190621_190156-768x1024.jpg\" alt=\"\" class=\"wp-image-175\" srcset=\"https:\/\/www.statekjirice.cz\/wp-content\/uploads\/2019\/06\/IMG_20190621_190156-768x1024.jpg 768w, https:\/\/www.statekjirice.cz\/wp-content\/uploads\/2019\/06\/IMG_20190621_190156-225x300.jpg 225w\" sizes=\"auto, (max-width: 768px) 100vw, 768px\" \/><\/a><\/figure>\n<\/figure>\n","protected":false},"excerpt":{"rendered":"<p>VYN\u00c1\u0160EN\u00cd MORENY 2026 MASOPUST 2026 V\u00e1no\u010dn\u00ed bes\u00eddka 12\/2024 Hudebn\u00ed t\u00e1bor 2024 D\u011btsk\u00e1 skupina od A do Z Podzimn\u00ed Ji\u0159i\u010dka 2021 P\u0159\u00edm\u011bstsk\u00e9 t\u00e1bory l\u00e9to 2021 Zimn\u00ed Ji\u0159i\u010dka rok 2021 Ji\u0159i\u010dka v adventn\u00ed dob\u011b D\u011btsk\u00e1 skupina Ji\u0159i\u010dka &#8211; 2020\/2021 Br\u00e1na statku otev\u0159ena &#8211; slavnost 2020 Jaro na statku Klub\u00edk v zim\u011b 2019 [&hellip;]<\/p>\n","protected":false},"author":1,"featured_media":180,"parent":0,"menu_order":0,"comment_status":"closed","ping_status":"closed","template":"","meta":{"ngg_post_thumbnail":0,"footnotes":""},"class_list":["post-174","page","type-page","status-publish","has-post-thumbnail","hentry"],"_links":{"self":[{"href":"https:\/\/www.statekjirice.cz\/index.php\/wp-json\/wp\/v2\/pages\/174","targetHints":{"allow":["GET"]}}],"collection":[{"href":"https:\/\/www.statekjirice.cz\/index.php\/wp-json\/wp\/v2\/pages"}],"about":[{"href":"https:\/\/www.statekjirice.cz\/index.php\/wp-json\/wp\/v2\/types\/page"}],"author":[{"embeddable":true,"href":"https:\/\/www.statekjirice.cz\/index.php\/wp-json\/wp\/v2\/users\/1"}],"replies":[{"embeddable":true,"href":"https:\/\/www.statekjirice.cz\/index.php\/wp-json\/wp\/v2\/comments?post=174"}],"version-history":[{"count":53,"href":"https:\/\/www.statekjirice.cz\/index.php\/wp-json\/wp\/v2\/pages\/174\/revisions"}],"predecessor-version":[{"id":3973,"href":"https:\/\/www.statekjirice.cz\/index.php\/wp-json\/wp\/v2\/pages\/174\/revisions\/3973"}],"wp:featuredmedia":[{"embeddable":true,"href":"https:\/\/www.statekjirice.cz\/index.php\/wp-json\/wp\/v2\/media\/180"}],"wp:attachment":[{"href":"https:\/\/www.statekjirice.cz\/index.php\/wp-json\/wp\/v2\/media?parent=174"}],"curies":[{"name":"wp","href":"https:\/\/api.w.org\/{rel}","templated":true}]}}